*r - 616. Give q(-14).
14
Let a(p) = -p**2 - 7*p - 35. Calculate a(-6).
-29
Let o(p) = 8*p + 368. Determine o(-47).
-8
Let v(w) = w**3 + 9*w**2 + 66*w + 442. What is v(-8)?
-22
Let y(o) = -5401*o + 10799. Calculate y(2).
-3
Let q(p) = 12*p**3 - 2232*p**2 + 2*p - 363. Give q(186).
9
Let q(z) = 23*z + 135. Calculate q(-11).
-118
Let l(i) = 2*i**3 - 32*i**2 - 45*i + 186. Determine l(17).
-1
Let v(x) = -251*x - 1065. What is v(-4)?
-61
Let g(t) = 12*t - 996. Calculate g(85).
24
Let g(z) = -612*z - 3055. Determine g(-5).
5
Let s(b) = b**2 + 1441*b - 8679. Determine s(6).
3
Let m(j) = j**3 + 68*j**2 + 126*j - 376. Give m(-66).
20
Let h(b) = 27*b - 155. Determine h(11).
142
Let a(j) = -51*j + 56. Calculate a(0).
56
Let a(g) = -334*g - 12959. Determine a(-39).
67
Let g(c) = 5*c**2 + 33*c - 1444. Give g(14).
-2
Let l(k) = -k**2 - 17*k + 78. What is l(11)?
-230
Let x(i) = -45*i + 4. Give x(0).
4
Let i(o) = -o**3 - 2*o**2 + 92*o + 110. What is i(0)?
110
Let s(p) = -103*p - 70. Calculate s(-3).
239
Let f(i) = -3*i**2 + 86*i - 491. Give f(8).
5
Let a(v) = 33*v - 42. Calculate a(-5).
-207
Let p(c) = -77*c - 6. Calculate p(0).
-6
Let h(p) = 38*p + 214. Determine h(-9).
-128
Let d(b) = b**3 - b**2 + 15*b - 57. Calculate d(3).
6
Let t(m) = -m**3 - 5*m**2 + 4*m - 41. Give t(-6).
-29
Let z(u) = 325*u - 32187. Calculate z(99).
-12
Let q(p) = -2*p**3 - 19*p**2 - 13*p + 16. Determine q(-7).
-138
Let c(i) = -99*i - 2572. Calculate c(-26).
2
Let y(l) = 2*l**3 + 42*l**2 - 48*l - 31. Calculate y(-22).
57
Let y(l) = 44*l**3 - 2245*l**2 + 56*l - 265. Determine y(51).
-10
Let p(w) = 3*w**2 - 285*w - 61. Give p(95).
-61
Let h(d) = -2*d**2 + 51*d - 39. Determine h(25).
-14
Let r(g) = -5*g**2 - 11*g + 35. Calculate r(3).
-43
Let j(b) = b**3 + 7*b**2 - 503*b - 3057. Calculate j(-6).
-3
Let g(v) = -2*v**3 - 132*v**2 + 138*v + 301. Calculate g(-67).
33
Let p(i) = i**3 - 23*i**2 + 37*i + 734. Calculate p(19).
-7
Let x(q) = 2*q**2 - 138*q + 2309. Give x(28).
13
Let b(f) = -f**3 + 54*f**2 - 41*f - 732. Give b(53).
-96
Let x(f) = -325*f**2 + 1303*f - 3. Give x(4).
9
Let y(o) = o**3 + 56*o**2 + 62*o + 382. Calculate y(-55).
-3
Let p(g) = -4*g**2 - 29*g + 647. What is p(13)?
-406
Let a(w) = -55*w + 200. Give a(3).
35
Let b(k) = 22*k - 37. What is b(2)?
7
Let d(i) = 12*i + 134. Calculate d(-6).
62
Let b(n) = 94*n - 3956. Determine b(42).
-8
Let v(o) = -57*o**2 - 1138*o + 16. What is v(-20)?
-24
Let b(j) = 443*j + 1323. Give b(-3).
-6
Let c(l) = -71*l + 71. Calculate c(1).
0
Let b(y) = 74*y**2 - 12*y - 12. Calculate b(-1).
74
Let a(i) = -i**3 + 11*i**2 - 13*i - 7. What is a(11)?
-150
Let k(h) = -h**3 + 29*h**2 + 61*h + 69. Calculate k(31).
38
Let c(g) = 14*g - 74. Give c(3).
-32
Let s(c) = -2*c**2 - 15*c - 10. Calculate s(-4).
18
Let b(v) = 40*v**2 - 162*v + 6. Determine b(4).
-2
Let s(m) = 2*m**3 - 2*m**2 - 214*m - 1104. Give s(-5).
-334
Let i(k) = k**2 - k - 306. What is i(18)?
0
Let i(z) = -9*z**2 + 7*z - 10. Give i(-4).
-182
Let g(r) = 3*r - 56. Calculate g(-3).
-65
Let i(j) = 3*j**2 + 72*j - 171. Give i(-26).
-15
Let o(i) = i**3 - 3*i**2 - 132*i + 40. What is o(13)?
14
Let n(j) = j**2 + 41*j - 346. What is n(7)?
-10
Let c(d) = -d**3 + 2*d**2 + 153*d - 167. Determine c(-12).
13
Let q(f) = -280*f + 10982. What is q(39)?
62
Let n(k) = k**3 + 48*k**2 + 50*k + 120. Give n(-47).
-21
Let x(h) = -2*h**3 - h**2 + 72*h + 30. What is x(-6)?
-6
Let i(h) = -3*h**3 - 139*h**2 + 92*h - 86. Determine i(-47).
8
Let c(r) = -2*r**3 - r**2 + 43*r + 47. Give c(9).
-1105
Let g(c) = 6*c + 156. Determine g(31).
342
Let j(g) = -229*g + 812. Give j(4).
-104
Let y(w) = -33*w**2 + 233*w - 7. Calculate y(7).
7
Let g(s) = 2*s**3 + 2*s**2 + 93*s + 59. What is g(0)?
59
Let o(t) = -257*t + 54974. Calculate o(214).
-24
Let v(r) = -60*r - 563. Give v(-9).
-23
Let l(z) = 9*z + 728. Calculate l(-74).
62
Let u(d) = -d**3 - 2*d**2 - d + 6. Give u(3).
-42
Let t(o) = 589*o - 2347. Calculate t(4).
9
Let r(i) = i**3 + 197*i**2 + 215*i + 3728. Calculate r(-196).
4
Let f(j) = -j**2 - 233*j - 5207. Calculate f(-25).
-7
Let r(x) = 1360*x + 67993. Calculate r(-50).
-7
Let u(p) = -p**2 + 37*p + 3721. What is u(83)?
-97
Let y(u) = -u**2 + 28*u + 224. What is y(-7)?
-21
Let u(o) = 12*o**2 + 97*o - 16. Give u(-8).
-24
Let t(d) = 10*d + 18. Calculate t(13).
148
Let s(j) = -52508*j - 52513. Give s(-1).
-5
Let t(f) = f**3 - 5*f**2 + 93*f - 353. Determine t(4).
3
Let i(d) = 36*d + 16. What is i(0)?
16
Let s(o) = -o - 63. Calculate s(-9).
-54
Let y(s) = -s**3 + 62*s**2 - 856*s - 215. Determine y(41).
-10
Let w(o) = 2*o**3 + 205*o**2 - 1416*o + 76. What is w(-109)?
-33
Let l(x) = -1389*x + 12498. Determine l(9).
-3
Let v(u) = -66*u - 1109. Determine v(-17).
13
Let c(q) = -7*q**3 + 266*q**2 - 254*q - 75. Calculate c(37).
110
Let r(z) = -254*z + 8627. Calculate r(34).
-9
Let j(i) = -2735*i + 10932. Give j(4).
-8
Let f(x) = -2046*x + 22617. Calculate f(11).
111
Let a(f) = -22*f**2 + 2277*f - 2263. Calculate a(1).
-8
Let p(a) = -8168*a + 57160. Determine p(7).
-16
Let c(v) = v**3 - 28*v**2 + 23*v + 120. Give c(27).
12
Let n(x) = x**3 + 5*x**2 - 144*x - 795. Determine n(-6).
33
Let w(n) = n**3 - 34*n**2 - 13. Calculate w(34).
-13
Let i(a) = -a**3 + a**2 - a - 508. Calculate i(0).
-508
Let q(z) = -11*z**2 - 6*z + 17. Determine q(4).
-183
Let q(v) = -2*v**2 + 218*v + 46220. What is q(-107)?
-4
Let m(o) = -o**3 - 11*o**2 - 33*o - 125. Determine m(-9).
10
Let o(q) = -9*q**3 + 3*q**2 + 19*q + 19. What is o(-2)?
65
Let o(t) = t**3 + 20*t**2 - 39*t + 19. Determine o(-22).
-91
Let z(r) = -2*r**2 + 142*r + 2220. Calculate z(85).
-160
Let h(k) = -5*k**3 - 168*k**2 + 252*k + 239. Give h(-35).
-6
Let u(k) = -9*k**2 + 233*k - 18. What is u(26)?
-44
Let p(k) = k**3 - 23*k**2 - 248*k + 13. What is p(-8)?
13
Let w(l) = 1864*l + 44728. Determine w(-24).
-8
Let m(l) = -l**3 - 15*l**2 - 189*l + 1885. Determine m(6).
-5
Let r(h) = -329*h - 4181. Give r(-13).
96
Let l(x) = 13*x**2 + 91*x - 6. Calculate l(4).
566
Let l(r) = 9*r**2 + 150*r - 165. What is l(1)?
-6
Let c(a) = 3028*a - 9050. Give c(3).
34
Let w(c) = -44*c - 170. Determine w(2).
-258
Let k(t) = 107*t + 626. Determine k(-6).
-16
Let x(i) = -7*i**3 + 517*i**2 + 88*i - 1041. Calculate x(74).
-5
Let h(j) = j**3 - 46*j**2 - j + 49. Give h(46).
3
Let b(k) = 628*k + 507. Determine b(-1).
-121
Let v(f) = f**2 - 106*f + 208. Determine v(2).
0
Let t(s) = -65*s - 2680. Determine t(-40).
-80
Let t(s) = 26*s**2 - 761*s + 197. What is t(29)?
-6
Let z(h) = -h**3 - 16*h**2 + 95. Give z(-11).
-510
Let d(s) = -14*s**2 - 5*s - 56. What is d(-6)?
-530
Let h(q) = q**3 + 8*q**2 - 11*q - 55. What is h(3)?
11
Let k(q) = -35*q**2 - 2458*q - 560. Determine k(-70).
0
Let j(h) = -h**3 - 12*h**2 - 7*h + 39. Give j(-11).
-5
Let u(s) = -2*s**3 + 44*s**2 + 49*s - 53. Determine u(23).
16
Let c(g) = 10*g**2 + 354*g - 231. Give c(-36).
-15
Let p(z) = z**2 + 49*z + 5. What is p(-49)?
5
Let p(w) = -4*w**3 - 2*w**2 - w + 1. Calculate p(1).
-6
Let o(j) = j**3 - 3*j**2 - 18*j - 31. What is o(-2)?
-15
Let h(i) = -i**3 - 2*i**2 + 2*i + 8. What is h(5)?
-157
Let c(z) = 2*z**3 + 8*z**2 - 28*z - 139. What is c(-8)?
-427
Let c(y) = 2*y**2 + 84*y + 840. Give c(-16).
8
Let r(f) = -3*f**2 - 5*f + 87. What is r(-5)?
37
Let z(p) = 2*p**2 + 31*p. Give z(5).
205
Let d(l) = l**3 - 57*l**2 - 592*l + 19. Determine d(-9).
1
Let n(g) = 6*g + 152. Give n(-34).
-52
Let n(a) = 125*a + 92. Determine n(0).
92
Let h(t) = 10*t**2 - 20*t - 6. What is h(3)?
24
Let p(x) = 5*x - 240. What is p(27)?
-105
Let u(g) = -389*g**2 + 389*g - 4. What is u(1)?
-4
Let p(c) = 62*c - 386. Calculate p(6).
-14
Let c(k) = -k**2 + 20*k + 636. What is c(37)?
7
Let t(b) = 158*b - 1573. Give t(10).
7
Let n(c) = -c**3 - 59*c**2 + 64*c - 22. Determine n(-60).
-262
Let v(c) = c**2 + 162*c + 2843. Give v(-20).
3
Let b(c) = -c**3 - 42*c**2 + 45*c + 112. What is b(-43)?
26
Let j(g) = 341*g + 34437. Give j(-101).
-4
Let o(w) = 719*w - 12219. Determine o(17).
4
Let t(b) = -2*b**3 + 30*b**2 + 45*b - 104. Calculate t(17).
-495
Let z(g) = 4*g**3 - 238*g**2 - 121*g - 76. What is z(60)?
-136
Let q(g) = 1196*g - 132760. Give q(111).
-4
Let g(w) = 508*w + 3041. Give g(-6).
-7
Let u(k) = k**2 + 223*k + 1508. What is u(-7)?
-4
Let l(v) = 144*v - 253. Give l(2).
35
Let w(d) = d**3 + 21*d**2 + 209*d + 3